s digit of 2047271325?
2
What is the ten millions digit of 1601802726?
0
What is the hundred millions digit of 5229684992?
2
What is the tens digit of 900609964?
6
What is the ten thousands digit of 13013473?
1
What is the tens digit of 167168377?
7
What is the millions digit of 4131347457?
1
What is the hundred thousands digit of 861524722?
5
What is the ten thousands digit of 4618376?
1
What is the thousands digit of 68605493?
5
What is the millions digit of 4672808012?
2
What is the ten thousands digit of 4002488156?
8
What is the hundreds digit of 48069079?
0
What is the ten thousands digit of 19208733?
0
What is the thousands digit of 47119749?
9
What is the hundreds digit of 99938581?
5
What is the hundreds digit of 73422688?
6
What is the thousands digit of 227994732?
4
What is the units digit of 1079274849?
9
What is the hundred millions digit of 735202074?
7
What is the ten thousands digit of 584167722?
6
What is the ten millions digit of 234165347?
3
What is the units digit of 15011096?
6
What is the hundreds digit of 1809911830?
8
What is the tens digit of 151203655?
5
What is the millions digit of 395736597?
5
What is the units digit of 53978489?
9
What is the ten thousands digit of 716978857?
7
What is the hundred thousands digit of 1018744303?
7
What is the hundred thousands digit of 374602034?
6
What is the tens digit of 20109350?
5
What is the ten thousands digit of 137492432?
9
What is the units digit of 347045997?
7
What is the millions digit of 50548907?
0
What is the hundreds digit of 260413572?
5
What is the units digit of 503207093?
3
What is the ten millions digit of 108115656?
0
What is the billions digit of 1139737630?
1
What is the ten millions digit of 147376301?
4
What is the ten thousands digit of 1524091271?
9
What is the hundred thousands digit of 462527513?
5
What is the hundred millions digit of 243234731?
2
What is the billions digit of 2318110369?
2
What is the millions digit of 29932362?
9
What is the hundreds digit of 94748551?
5
What is the hundred thousands digit of 90155663?
1
What is the hundred thousands digit of 4890092007?
0
What is the thousands digit of 59107860?
7
What is the millions digit of 384243440?
4
What is the tens digit of 479059113?
1
What is the thousands digit of 92918711?
8
What is the hundred thousands digit of 30450942?
4
What is the thousands digit of 12836103?
6
What is the hundreds digit of 14013249?
2
What is the ten millions digit of 392957199?
9
What is the ten millions digit of 17845077?
1
What is the ten millions digit of 67293531?
6
What is the ten millions digit of 2389155085?
8
What is the ten thousands digit of 136773257?
7
What is the thousands digit of 258509892?
9
What is the millions digit of 468567336?
8
What is the tens digit of 168284945?
4
What is the units digit of 184203406?
6
What is the tens digit of 72355828?
2
What is the thousands digit of 145776906?
6
What is the hundred millions digit of 7594932020?
5
What is the hundred thousands digit of 189935305?
9
What is the ten thousands digit of 1935287736?
8
What is the tens digit of 41438028?
2
What is the ten thousands digit of 1153825227?
2
What is the ten thousands digit of 1062238604?
3
What is the hundreds digit of 47648534?
5
What is the hundred thousands digit of 1070426974?
4
What is the millions digit of 10807723?
0
What is the millions digit of 16853292?
6
What is the hundreds digit of 34697173?
1
What is the thousands digit of 144905511?
5
What is the tens digit of 405160184?
8
What is the hundred millions digit of 105247887?
1
What is the thousands digit of 40785145?
5
What is the hundred thousands digit of 47949170?
9
What is the ten millions digit of 684851352?
8
What is the hundreds digit of 1271696008?
0
What is the units digit of 3409986881?
1
What is the ten thousands digit of 21975786?
7
What is the units digit of 753512443?
3
What is the ten millions digit of 250398437?
5
What is the hundreds digit of 167877166?
1
What is the millions digit of 506004083?
6
What is the units digit of 272742327?
7
What is the tens digit of 311859725?
2
What is the billions digit of 2032848544?
2
What is the thousands digit of 873707967?
7
What is the ten millions digit of 297226648?
9
What is the units digit of 127551141?
1
What is the ten thousands digit of 164402288?
0
What is the ten thousands digit of 14240728?
4
What is the ten thousands digit of 1163749198?
4
What is the ten millions digit of 7682781723?
8
What is the hundred millions digit of 789413217?
7
What is the ten millions digit of 192750222?
9
What is the ten millions digit of 3718944053?
1
What is the units digit of 3454957726?
6
What is the millions digit of 2083730978?
3
What is the hundred thousands digit of 298123049?
1
What is the ten thousands digit of 1409105914?
0
What is the millions digit of 1918458488?
8
What is the ten millions digit of 4422000038?
2
What is the hundred thousands digit of 148084906?
0
What is the ten thousands digit of 27170942?
7
What is the ten millions digit of 1478270142?
7
What is the ten thousands digit of 984975476?
7
What is the hundreds digit of 43194281?
2
What is the units digit of 59974865?
5
What is the billions digit of 7460026187?
7
What is the hundreds digit of 1662869607?
6
What is the units digit of 9663595?
5
What is the ten millions digit of 194805654?
9
What is the ten millions digit of 476283782?
7
What is the units digit of 515284759?
9
What is the millions digit of 6367052292?
7
What is the hundreds digit of 158953492?
4
What is the hundred millions digit of 253465215?
2
What is the ten millions digit of 421797309?
2
What is the hundreds digit of 3511416777?
7
What is the hundred millions digit of 142476070?
1
What is the hundred thousands digit of 8081663?
0
What is the hundred thousands digit of 750476672?
4
What is the tens digit of 140088024?
2
What is the thousands digit of 378075552?
5
What is the thousands digit of 148713565?
3
What is the millions digit of 901560288?
1
What is the ten thousands digit of 85196876?
9
What is the ten thousands digit of 86870908?
7
What is the tens digit of 1022663462?
6
What is the hundred millions digit of 181578414?
1
What is the millions digit of 989100476?
9
What is the tens digit of 8088807389?
8
What is the thousands digit of 56704087?
4
What is the ten thousands digit of 41153352?
5
What is the ten millions digit of 3730736015?
3
What is the thousands digit of 3751273436?
3
What is the hundreds digit of 13926349?
3
What is the tens digit of 212484811?
1
What is the ten millions digit of 6234212985?
3
What is the thousands digit of 152403724?
3
What is the ten thousands digit of 293333761?
3
What is the millions digit of 5825207?
5
What is the hundreds digit of 209768811?
8
What is the hundreds digit of 2965887?
8
What is the ten millions digit of 73285235?
7
What is the hundred millions digit of 1198116982?
1
What is the hundred thousands digit of 65407840?
4
What is the hundreds digit of 38164640?
6
What is the ten thousands digit of 75936919?
3
What is the hundred millions digit of 124699024?
1
What is the hundred thousands digit of 1450109684?
1
What is the millions digit of 84004528?
4
What is the ten thousands digit of 345570232?
7
What is the ten millions digit of 63075876?
6
What is the hundreds digit of 57074157?
1
What is the hundreds digit of 6849235623?
6
What is the tens digit of 220756954?
5
What is the units digit of 366424179?
9
What is the hundreds digit of 34384203?
2
What is the millions digit of 1793122170?
3
What is the hundred thousands digit of 387338135?
3
What is the tens digit of 63832951?
5
What is the hundred thousands digit of 1120149927?
1
What is the hundreds digit of 80475287?
2
What is the ten thousands digit of 6318626635?
2
What is the tens digit of 1728459082?
8
What is the millions digit of 29654324?
9
What is the hundred thousands digit of 889642615?
6
What is the ten millions digit of 355685538?
5
What is the ten thousands digit of 26234426?
3
What is the hundreds digit of 1341052?
0
What is the tens digit of 235651225?
2
What is the units digit of 1700781495?
5
What is the ten millions digit of 324716476?
2
What is the ten thousands digit of 393959310?
5
What is the units digit of 1129226491?
1
What is t